3) + -11)?
17
Evaluate -3 - (-6 - (22 - 1 - 10)) - 19.
-5
What is the value of (80 - -2) + (602 - 607)?
77
Calculate 2 - -9 - ((249 - 291) + 97).
-44
Calculate 3 + -57 + 63 + 4.
13
What is the value of -96 - ((27 - -39) + -194)?
32
What is the value of -21 - (-84 + 13 + 89)?
-39
Calculate 14 + -23 + 12 - -6 - 5.
4
Calculate 4 + -3 + (-8 - (-62 - -104)).
-49
What is (-64 - 15) + 55 - -36?
12
Calculate (-41 - -36 - (-12 - (-19 + 10))) + 50.
48
What is the value of -36 - (-17 - (1 + -34)) - 24?
-76
Calculate -75 + 76 + -10 + -1 + 2 + 8 + -8.
-8
What is (-36 - -6) + 35 + -1 + -24?
-20
What is the value of (-7 - 2) + (-440 - -440) + (3 - 35)?
-41
Calculate (1 - 3) + -8 + 8 - (0 + 45 + -53).
6
Evaluate -174 + 92 + 118 - (2 - 22).
56
-44 + 53 - (34 + 4 + 15)
-44
Calculate 38 + (-3 - (-12 + 26)).
21
What is -2 - -101 - (-1144 - -1197)?
46
What is the value of -997 + 1021 + (0 + -3 - 75)?
-54
Calculate -12 + 5 + -6 + 7 + 43 + (5 - 6).
36
What is -17 - (-56 + (13 - -69))?
-43
What is the value of (-53 - -6) + 26 + 5 + -20?
-36
Calculate -234 + 244 - (97 - (-1 - (-5 - (3 + -3)))).
-83
Evaluate 8 + (-44 - -71) - (4 + -3 - (-8 + -1)).
25
What is the value of 363 + -399 + (124 - 6) + -9?
73
Evaluate 9 + -28 - -3 - (-153 + 225).
-88
Evaluate 3690 + -3755 - (-2 + -1).
-62
What is -60 + -9 + (11 + 9 - 15) + 14?
-50
What is the value of -137 - (11 - (11 - -75))?
-62
What is the value of -43 + 32 + (9 - (0 + 8)) + 7?
-3
-6 + (41 + 6 - 26) + (-23 - 4)
-12
What is the value of 57 + (-1 + 3 - 6) - (-344 + 352)?
45
What is (-5 - (-20 - 47)) + (10 + 2 - (4 - -19))?
51
Calculate 2 - 80 - (-2 + 17 + -34 + 26).
-85
Calculate -1 + 72 + (174 - 131) + -32.
82
(15 - 22 - 4 - -31) + (0 - (-3 - -1))
22
What is 110 + -101 - (1 + 3) - 3 - (-32 - -2)?
32
Calculate -54 + (-3 - -1 - -1) - (-1731 - -1735).
-59
(-76 - -28) + (15 - -12) - -7
-14
Evaluate 8 + -7 + (8 + -1 + -9 - -9 - 48).
-40
Calculate -3 + -7 + 40 + -92.
-62
Calculate (10 + 10 - 9) + (-3 + 2 - 67).
-57
Calculate -81 + 1 + (-53 + 58 - (-8 - -2)) + -4.
-73
What is (44 + 1 - -4) + (51 - 41) - 10?
49
Calculate -10 - (10 + -1 + (-23 - -14 - 13) - -8).
-5
Evaluate (1 - 6) + -46 + 104 + 24 - (-3 + -1).
81
-31 + (5 - (-13 - -22) - -16)
-19
32 + -22 + -20 + 40 + -62
-32
Calculate (-33 - (14 - -21) - -28) + -76.
-116
Evaluate 2 - (-1 + (10 - (7 - (-3 + 7)))).
-4
What is the value of -65 + 48 + -26 + 47?
4
What is the value of -217 + 103 - -136 - (1 + -26)?
47
Calculate 66 + -3 + (14 - (1 - -5)) + (3 - 18).
56
Evaluate (842 - 871) + (-3 - (0 + -3)) + -3.
-32
Calculate 68 - (-1 - -5) - (-92 + 87 - (2 + -2)).
69
What is the value of (2 - 0) + -104 + 92 + 17?
7
What is 18 + (-16 - 21) + 33?
14
(63 - (82 - -9)) + 46
18
79 + -113 - -19 - 12
-27
Calculate -21 + (177 - 7 - 82).
67
What is -221 - -242 - ((-1 - 0) + -5 + 6 + 3)?
18
Evaluate 26 - (2 - 5 - (99 - 103)).
25
Calculate 380 + -396 + -1 + (1 - 8) + -4.
-28
What is the value of 57 - 58 - -14 - (-2 - (4 - 52))?
-33
What is (0 - -5) + 96 + -107 - 13?
-19
What is -37 + 43 - (5 - (-8 + 15))?
8
Evaluate (-27 - (-12 - -4) - -7 - (-9 + 2)) + 0.
-5
Calculate -32 + 23 - 52 - -52.
-9
What is -22 - (-9 + (-4 - 41) + -24)?
56
Evaluate (15 + -10 - -122) + 170 + -182.
115
Calculate -51 + -76 + 125 - 37.
-39
95 - ((-54 - -82) + 78)
-11
Calculate -9 - -1 - (-11 + -6 - -35 - 27).
1
Evaluate (56 - 72 - ((-10 - -3) + -21)) + 30.
42
Evaluate 22 - 8 - (15 + (-4 - -10) + -16).
9
Evaluate 83 - (8 + -47 + 84).
38
Calculate -18 - 2 - (-72 + -57 - -61).
48
What is 17 + (13 + 7 - 16) + 12?
33
What is 1 + -2 + 2 + (-9 + 37 - 53)?
-24
Calculate (-90 - -201) + (-17 - (-41 + 23)).
112
What is -76 + (-103 - -88) - (-13 + 1 + -1) - 6?
-84
-62 - ((3 - (26 + -18)) + 10 + 0 + -1)
-66
37 + -5 + -5 + 7 - (14 - (-10 - -25))
35
Calculate 41 - (-4 - -20) - (70 + -2 + -1).
-42
What is 460 - 255 - 231 - (-2 - 27)?
3
Calculate 20 - (-5 + -17 - (-92 - -14)).
-36
What is the value of (-25 - -34) + 9 + (-37 - -24)?
5
Evaluate -142 + 132 - (11 - -19).
-40
-74 - (-32 - (-28 + -6 + 42))
-34
Evaluate -3 - (18 - -6) - (-58 + -1).
32
Evaluate -7 + 2 + 1 + 7 + -1 + (-1 - 0).
1
Evaluate 2 - ((4 - 2) + 19).
-19
Evaluate 2 - -5 - (-697 + 732).
-28
Calculate 27 - (-44 - -12 - -51).
8
What is the value of -265 + 151 - -20 - (2 + (2 - 2) + -14)?
-82
16 - 21 - 142 - (-38 + 34)
-143
Calculate 4 + 44 + (-22 - 0) + -18 + -152 + -3.
-147
What is the value of (-38 - 11 - -37) + (-13 - -1) - -13?
-11
What is -3 + -111 - ((-97 - 56) + 136)?
-97
What is the value of 47 - (16 - (43 - 42 - 19))?
13
14 + 30 + -14 + -6 - (-8 + -81)
113
Evaluate (16 - (-3 - -11)) + 4 + (-5 - -11).
18
Evaluate 43 + 0 - -41 - 47.
37
(5 - (-2 + 0 - (-1 + -16))) + (-60 - -72)
2
Evaluate 7 + -3 + 7 + 1 + -61 - (14 + -25).
-38
(16 + -1 - 12) + (0 - 6)
-3
What is the value of 37 + (74 - 119 - (-18 - 2))?
12
36 - (-91 + 63) - -21
85
What is 324 + -229 - (-16 + 133)?
-22
What is the value of (-11 + (-24 - -38) - 2) + (-11 + 0 - 1)?
-11
What is -93 - 1 - (33 - -32 - 81)?
-78
Evaluate -27 - (-31 - (-9 + -13)).
-18
What is the value of 16 + -32 + -62 + 55?
-23
What is 27 - 83 - -45 - -20?
9
Calculate (11 - -55) + (215 - 273).
8
What is the value of 2 + 19 + -187 + 163?
-3
What is the value of (3 - 10) + 53 - (164 + -147)?
29
Calculate 6 - 33 - -27 - (2 + -11).
9
What is -40 + 0 + 6 + 1985 + -1895?
56
Evaluate (-40 + 90 - 14) + 7.
43
What is the value of 18 - (10 - (-29 + (-30 - -116)))?
65
73 - (-7 - -22 - 40 - -36)
62
What is -10 + (2 - -3) - (0 + -14) - (159 + -107)?
-43
Calculate -22 - (12 + -41) - (62 - 14) - (-2 + 0).
-39
What is -35 - (25 + -293) - 105?
128
Calculate -24 - (-16 - (11 + -27)) - -22.
-2
(132 - -1) + -153 + 66 + 86 + -5
127
Calculate 16 + (52 - 55) + -20.
-7
(-259 - -283) + (-64 - -49)
9
-2 - 26 - ((7 - (6 - (9 + 1))) + -12)
-27
What is (-16 - (45 + 45)) + 13?
-93
What is the value of 3 + 10 + -27 + (7 - 8) + 16?
1
What is -2 + (2 - -43) + (11 - ((7 - 33) + 37))?
43
What is the value of -205 + 249 + -1 + -24 + -11?
8
11 + 0 - (-16 + -4 + 33 + -1 + -69)
68
-12 + (-1 - -29) + -7 + (-90 - -156)
75
Calculate 80 - (226 - 123) - (0 - -1).
-24
Calculate -10 + 39 - (56 - 14).
-13
Evaluate -89 + 59 + (17 - 0) - -42 - 13.
16
What is the value of 2 - -4 - 9 - (8 + (-24 - -38))?
-25
Evaluate (59 + -77 - (1 + -7)) + 82 + -2 + -3.
65
What is 43 - (-80 - (-159 - -25))?
-11
What is the value of 34 + 6 + (1 + -7 + 13 - (22 - 12))?
37
Calculate -55 - (-53 + 37 + -47).
8
Evaluate 75 + 7 + -11 + (4 - 41) + 45.
79
Evaluate (107 + -26 - 32) + -48.
1
Calculate -84 - -32 - -83 - (6 - -100).
-75
What is the value of (-34 - (-39 - -2)) + 57?
60
Calculate 47 + 53 + -114 - (-3 - (-1 - -33)).
21
Evaluate 37 + -69 + 5 + 3 + -21.
-45
-31 + 7 + (-2 - 6) + -39 + 52
-19
Calculate -62 + 22 + (33 - 48).
-55
Calculate (-10 - -22 - (9 - (1 + -10))) + -82.
-88
0 + -5 + -10 + (-1 + 1 - (61 - 64))
-12
21 - (3 + 5 - ((-22 - -58) + -16))
33
What is 5 + 21 + -34 + 0 + 35 - -1?
28
What is -25 + (204 - 154) + (-7 - -2)?
20
What is the value of -18 + -33 + 47 + 3 + -24?
-25
What is the value of (1338 + -1351 - (102 - -1)) + 26?
-90
What is the value of -89 + 141 + (16 + -10 - (-1 - 1))?
60
Calculate -1 + (-1 - 30) + (12 - (41 - (0 - -27))).
-34
Evaluate (9 - 6 - 7) + 15 + 16 + -6.
21
20 + (-86 - -79 - (-4 + 19) - -41)
39
Evaluate 3 + (7 + (-18 - -21) - (0 + 0 + 21)).
-8
What is the value of 60 + (-4 + 15 + 0 + -1 - -2 - 11)?
61
Calculate -12 - (-71 - (12 + (-2 - (-8 - -19)))).
58
What is (-82 - -46) + 13 + -24?
-47
What is 1 + 43 + 49 + (-23 - 61) + 20?
29
What is -204 + 96 - -111 - -14?
17
What is -170 + 136 + -75 + 33?
-76
Evaluate ((-4 - 9) + -8 - -67) + -2 + 1.
45
Calculate -7 + 59 + -62 + -29.
-39
What is 13 + (-16 - (27 + -18 - (-2 + 6))) - -73?
65
Calculate 90 + (-63 - (-11 - 21)).
59
What is the value of 27 + (4 - 10 - 46)?
-25
-107 + 36 - (15 + -1 + -20)
-65
What is -1 + -60 - (-16942 + 16765)?
116
(130 + -100 - (-2 + -35)) + 12
79
What is the value of 37 + -18 + -21 + 24?
22
What is the value of (4 - -9) + -21 + -5?
-13
6 + (13 - (-8 - (16 - 32)))
11
Calculate -6 + 5 + (-132 - -156) - -40.
63
What is -2 + -32 + 18 + 11 - -3 - (32 - 0)?
-34
What is the value of -9 - (3 + (-9 - (58 + 6)))?
61
Calculate 46 + 28 - 199 - -70.
-55
-7 + -1 + (-6 - -70 - 122)
-66
Evaluate -30 + 14 + 14 + 11.
9
Calcu